(-4)). Let l = 1 - f. What are the prime factors of l?
3
Suppose h - k + 3*k = 0, 3*k + 5 = h. What are the prime factors of h?
2
Let f(z) = 3*z**2 - 2*z - 1. Let y(c) = c**3 - 7*c**2 + 5*c + 4. Let h be y(6). What are the prime factors of f(h)?
3, 5
Let b = -81 + 120. List the prime factors of b.
3, 13
Let i(k) = k**3 - 3*k**2 - 6*k + 2. Let q be i(4). What are the prime factors of (q/(-9))/((-4)/(-66))?
11
Suppose g + 0 = 2. Suppose -s - 28 = -3*s - 2*r, r = g. List the prime factors of s.
2, 3
Let u(z) = -z**3 - z**2. Let s be u(1). Let m(c) = 2 - 3*c + 5*c + 2*c**2 - 3*c. List the prime factors of m(s).
2, 3
Let a = 541 + -381. List the prime factors of a.
2, 5
Suppose 0 = -2*a - 0*a + 10. What are the prime factors of (-20)/(0 - (-3 + a))?
2, 5
Let l be 44 - (-2 + 2 - 3). Suppose 8 + l = 5*c. List the prime factors of c.
11
Let v(g) = -1 + 22*g**2 + 19*g**2 - 6*g**2 - 2*g. What are the prime factors of v(-1)?
2, 3
Let i = 238 - 131. What are the prime factors of i?
107
Let x be (-3)/2 - 3/2. What are the prime factors of x/(-5) + 254/10?
2, 13
Let a = 6 - -18. What are the prime factors of 16/a + (-40)/(-3)?
2, 7
Let b(c) = -c - 1. Let m be ((-3)/(-6))/((-2)/20). Let a be b(m). Suppose a + 3 = q. What are the prime factors of q?
7
Let w(n) = n**2 + 3. Let k be w(4). Let h = 13 - k. List the prime factors of h/15 - 27/(-5).
5
Suppose 8*q - 3*q - 10 = 0. Suppose 0*z = q*z + 12. What are the prime factors of (z/9)/((-4)/42)?
7
Let l = -118 + 182. List the prime factors of l.
2
Let u = -44 - -104. List the prime factors of u.
2, 3, 5
Let n(o) = -1. Let v(l) = -2*l - 2. Let b(h) = 4*n(h) - v(h). Let i be b(3). Suppose 9*d - 65 = i*d. List the prime factors of d.
13
Suppose -3*b - d = -29, -5*d + 28 = 2*b - 0*b. Let a be (b - 3) + (1 - 2). Suppose -3*y - h + 4*h + 33 = 0, a*y = 3*h + 51. What are the prime factors of y?
3
Let d(k) = 2*k**2 + 2*k - 1. Let q be d(-2). Suppose -q*s = 5*a + 24, a + 4 + 8 = -3*s. List the prime factors of (-32)/12*s/2.
2
Let u be (-4)/6 - 6/(-9). Let z = 5 + u. What are the prime factors of z?
5
Let c = -56 + 112. What are the prime factors of c?
2, 7
Suppose -w + z = -41, -5*z + 1 + 154 = 5*w. What are the prime factors of w?
2, 3
Let h = 13 - 8. Suppose -5*i + h = 0, -2*z - 3*z + 98 = 3*i. List the prime factors of z.
19
Let i = 3 + -1. Suppose 0 = 6*j - 42 - 114. Suppose -3*c + 42 = 2*c - i*f, -j = -3*c + f. What are the prime factors of c?
2, 5
Let k(q) = -4*q + 0*q**2 - q**2 + 0*q. Let g be k(-3). What are the prime factors of g + 2/6*3?
2
Suppose -5*o + 3*y - 9 = 35, -4*o - 4*y = 16. Let u(g) = -1 - g + 2 - 4. What are the prime factors of u(o)?
2
Let c(o) = -o**3 - 8*o**2 - 11*o - 7. Let b be c(-7). Suppose -3 = n - b. List the prime factors of n.
2, 3
Let y be (2 - (-11)/2)*4. Suppose 2*h - 2 = h + g, 5*h - g - y = 0. What are the prime factors of h?
7
Suppose -7 - 2 = 3*m. Suppose 3*c - 18 = 2*o, 3*c = 7*c - 3*o - 24. Let w = c + m. What are the prime factors of w?
3
Let d = 79 + 10. What are the prime factors of d?
89
Suppose -3*w = 3*n - 288, -5*n - 288 = 2*w - 5*w. What are the prime factors of w?
2, 3
Let x be (-12)/(-9) + 4/6. Suppose 0 = -3*z - 4*i + i + 30, -22 = -5*z + x*i. What are the prime factors of z?
2, 3
List the prime factors of 2 - (232/(-4) - -3).
3, 19
Let h(w) = -7*w - 2. Let g(j) = j**2 - 6*j - 2. Let p be g(6). What are the prime factors of h(p)?
2, 3
Let w(h) = -h**3 - 3*h**2 + 5*h + 10. Let k be w(-4). Let m = k + -3. List the prime factors of m.
3
Suppose 9 + 0 = 3*a. List the prime factors of a.
3
Suppose -2*h = -0*h + x, 3*h - 3*x = -9. What are the prime factors of -2 - (h + -15 + -1)?
3, 5
Let m(a) = 68*a**3 + 3*a**2 - 4*a + 2. What are the prime factors of m(1)?
3, 23
List the prime factors of ((-7)/(-2) - 3)*20.
2, 5
List the prime factors of (29/(-4))/(1/(-4)).
29
Let v(z) = 5*z**2 + 4*z - 31. What are the prime factors of v(6)?
173
Let p(v) = v**2 - 8*v - 6. List the prime factors of p(9).
3
Let l be 6/(-7)*(4 + -11). Let m be (-3)/(-2)*(-8)/l. List the prime factors of (-21)/(-3)*(-2)/m.
7
Suppose -p = 4*p - 25. Suppose 3*q - 2*q = p. Let l = q - -12. List the prime factors of l.
17
Suppose -106 = -2*r + 4*q, r - 58 = -q - 5. What are the prime factors of r?
53
Suppose -3*h - 4*n + 55 = -0*n, 42 = 2*h + 4*n. Let k = h - 7. Suppose -2*d - 3*q = -k, -2 = -2*d - 5*q - 0*q. List the prime factors of d.
2, 3
Let c = 185 + -77. List the prime factors of c.
2, 3
Suppose 21 = j + 19. List the prime factors of j/(292/72 - 4).
2, 3
Let y be (-136)/(-14) - (-4)/14. Let k = 29 - y. Suppose -34 = -2*q - 5*m, m + k - 45 = -2*q. What are the prime factors of q?
2, 3
Let f = 17 + 5. List the prime factors of f.
2, 11
Suppose 12*u - 7*u = 355. What are the prime factors of u?
71
Let k(b) = -b**2 + 9*b - 1. List the prime factors of k(4).
19
Let f(v) = -v**3 - 4*v**2 - 5*v - 11. What are the prime factors of f(-5)?
3, 13
Let t(k) be the third derivative of k**5/60 + k**4/6 + 2*k**3/3 - 3*k**2. Let a be t(-6). Let u = -10 + a. What are the prime factors of u?
2, 3
Let i = 71 - -10. List the prime factors of i.
3
Let s(v) = 2*v**2 + 6*v + 6. Let k be s(-5). List the prime factors of k/3 - 20/(-15).
2, 5
Suppose -3*o - 2*x + 6 = 3*x, o = 3*x - 12. List the prime factors of 20 + o + -3 + 1.
3, 5
Suppose 0 = 5*k - 9*k + 1692. What are the prime factors of k?
3, 47
Let a(z) be the third derivative of z**5/60 - z**4/24 + 19*z**3/6 - z**2. Suppose 2 = 2*w - l + 2*l, 4*w - 2*l = -4. What are the prime factors of a(w)?
19
Let l(u) = 1. Let r(m) = m**2 + 6*m - 1. Let c(i) = -2*l(i) - r(i). List the prime factors of c(-5).
2
Suppose -2*h - 2*h - 4*n + 96 = 0, 0 = 3*h - 2*n - 77. Suppose 4*o - 147 = 9. Let y = o - h. List the prime factors of y.
2, 7
Suppose -l - 2 = 0, y - 3*l = 2*l + 53. What are the prime factors of y?
43
List the prime factors of (1178/57)/((-2)/(-3)).
31
List the prime factors of (-4)/22 - (-21539)/187.
5, 23
Let x be 3*(-3)/(-9) + 1. Suppose 3*j - 2 = x*j. Suppose j*d - 60 = -3*d. List the prime factors of d.
2, 3
Let z = 4 + -3. Let g(r) = 9*r + 3*r - 2*r - 1. What are the prime factors of g(z)?
3
Let a(q) = -q**3 + 8*q**2 - 7*q - 3. Let m be (-46)/(-8) + 1/4. List the prime factors of a(m).
3
Let n(l) = -l - 2. Let o be n(-5). List the prime factors of 0 - 48/(o/(-1)).
2
Let x(u) = u**2 - 3*u - 3. Let j = 5 - 5. Suppose j*y = 4*y - 24. List the prime factors of x(y).
3, 5
Let o be 4*1*(-54)/24. What are the prime factors of (-2)/(-1) - o - 1?
2, 5
Suppose -192 + 47 = -h. What are the prime factors of h?
5, 29
Let u be -3 - -1 - (1 - 18). Suppose -3*a + u = 4*b, b = -5*a - 3*b + 25. Suppose 9 = -4*f + a*f - y, -4*f + 2*y = -34. List the prime factors of f.
2
Let o = 23 - 6. What are the prime factors of o?
17
List the prime factors of (-583)/(-9) + 8/36.
5, 13
Let y(w) = 104*w**3 + w**2 + w - 2. List the prime factors of y(1).
2, 13
Suppose -4 + 0 = -4*g, -4*g + 420 = 2*s. What are the prime factors of s?
2, 13
Let q(h) = -h**2 - 3*h - 2. Let c be q(8). Let k be ((-4)/(-10))/(3/c). List the prime factors of 45/2*k/(-15).
2, 3
Suppose -2 = w + k + 4, 5*w + 40 = 5*k. Let m = w + 16. What are the prime factors of m?
3
Suppose 232 = u + 3*u. Suppose 3*h + 38 + u = 0. List the prime factors of h/(-14) + (-6)/21.
2
Suppose 3 - 63 = -5*w. What are the prime factors of w?
2, 3
List the prime factors of 39/9 - (-8)/(-6).
3
Let h(g) be the second derivative of -g**4/12 + g**3 - 3*g**2/2 + 3*g. Let a be h(2). Suppose -4 - 16 = -a*t. What are the prime factors of t?
2
Let s = -5 - -9. Suppose -3*p = -9*y + 4*y + 37, 0 = 4*y + 4*p - s. Suppose -2*o = 5*r - 61, -r - y*o + 12 + 14 = 0. What are the prime factors of r?
11
Suppose 3*s - 9 = b, 2*s - 7 = 5*b + 6*s. Let c = 7 + 0. What are the prime factors of c - (2 - (b + 5))?
7
Let q = 7 + -4. Suppose 5*c - 14 = q*c. Suppose 2*g - 10 = 3*p + c, 2*p - 22 = -2*g. List the prime factors of g.
2, 5
Suppose -5*o + 21 = i, o = 5*i + 2*o - 33. Suppose 10 = i*z - z. What are the prime factors of z?
2
Suppose 2*z = 7 + 1. Suppose 2*d + 8 = 0, -b - 3*b - z = 2*d. Let w(p) = 4*p. List the prime factors of w(b).
2
Let a = 249 - 75. What are the prime factors of a?
2, 3, 29
Let k(w) be the second derivative of -w**3/3 - w**2 + 2*w. What are the prime fac